{"id":74,"date":"2024-10-19T13:44:03","date_gmt":"2024-10-19T13:44:03","guid":{"rendered":"https:\/\/aarslevservice.dk\/?page_id=74"},"modified":"2026-03-10T19:57:38","modified_gmt":"2026-03-10T19:57:38","slug":"kontakt","status":"publish","type":"page","link":"https:\/\/aarslevservice.dk\/?page_id=74","title":{"rendered":"Kontakt"},"content":{"rendered":"\t\t<div data-elementor-type=\"wp-page\" data-elementor-id=\"74\" class=\"elementor elementor-74\" data-elementor-post-type=\"page\">\n\t\t\t\t<div class=\"elementor-element elementor-element-a18bc70 e-flex e-con-boxed e-con e-parent\" data-id=\"a18bc70\" data-element_type=\"container\" data-settings=\"{&quot;background_background&quot;:&quot;gradient&quot;}\">\n\t\t\t\t\t<div class=\"e-con-inner\">\n\t\t<div class=\"elementor-element elementor-element-cc5899f e-con-full e-flex e-con e-child\" data-id=\"cc5899f\" data-element_type=\"container\">\n\t\t\t\t<div class=\"elementor-element elementor-element-8e3c85c elementor-widget elementor-widget-image\" data-id=\"8e3c85c\" data-element_type=\"widget\" data-widget_type=\"image.default\">\n\t\t\t\t<div class=\"elementor-widget-container\">\n\t\t\t\t\t\t\t\t\t\t\t\t\t\t\t<img fetchpriority=\"high\" decoding=\"async\" width=\"800\" height=\"173\" src=\"https:\/\/aarslevservice.dk\/wp-content\/uploads\/2024\/12\/Skaermbillede-2024-12-13-kl.-17.40.11-1024x221.png\" class=\"attachment-large size-large wp-image-1431\" alt=\"\" srcset=\"https:\/\/aarslevservice.dk\/wp-content\/uploads\/2024\/12\/Skaermbillede-2024-12-13-kl.-17.40.11-1024x221.png 1024w, https:\/\/aarslevservice.dk\/wp-content\/uploads\/2024\/12\/Skaermbillede-2024-12-13-kl.-17.40.11-300x65.png 300w, https:\/\/aarslevservice.dk\/wp-content\/uploads\/2024\/12\/Skaermbillede-2024-12-13-kl.-17.40.11-768x165.png 768w, https:\/\/aarslevservice.dk\/wp-content\/uploads\/2024\/12\/Skaermbillede-2024-12-13-kl.-17.40.11-1536x331.png 1536w, https:\/\/aarslevservice.dk\/wp-content\/uploads\/2024\/12\/Skaermbillede-2024-12-13-kl.-17.40.11-600x129.png 600w, https:\/\/aarslevservice.dk\/wp-content\/uploads\/2024\/12\/Skaermbillede-2024-12-13-kl.-17.40.11.png 2014w\" sizes=\"(max-width: 800px) 100vw, 800px\" \/>\t\t\t\t\t\t\t\t\t\t\t\t\t\t\t<\/div>\n\t\t\t\t<\/div>\n\t\t\t\t<\/div>\n\t\t<div class=\"elementor-element elementor-element-8312a18 e-con-full e-flex e-con e-child\" data-id=\"8312a18\" data-element_type=\"container\">\n\t\t\t\t<div class=\"elementor-element elementor-element-9632fb3 elementor-widget__width-initial elementor-widget-mobile__width-initial elementor-nav-menu--stretch elementor-nav-menu__text-align-aside elementor-nav-menu--toggle elementor-nav-menu--burger elementor-widget elementor-widget-nav-menu\" data-id=\"9632fb3\" data-element_type=\"widget\" data-settings=\"{&quot;toggle_icon_hover_animation&quot;:&quot;pulse-shrink&quot;,&quot;layout&quot;:&quot;dropdown&quot;,&quot;full_width&quot;:&quot;stretch&quot;,&quot;submenu_icon&quot;:{&quot;value&quot;:&quot;&lt;i class=\\&quot;\\&quot;&gt;&lt;\\\/i&gt;&quot;,&quot;library&quot;:&quot;&quot;},&quot;toggle&quot;:&quot;burger&quot;}\" data-widget_type=\"nav-menu.default\">\n\t\t\t\t<div class=\"elementor-widget-container\">\n\t\t\t\t\t\t\t<div class=\"elementor-menu-toggle\" role=\"button\" tabindex=\"0\" aria-label=\"Menuskift\" aria-expanded=\"false\">\n\t\t\t<svg aria-hidden=\"true\" role=\"presentation\" class=\"elementor-menu-toggle__icon--open elementor-animation-pulse-shrink e-font-icon-svg e-eicon-menu-bar\" viewBox=\"0 0 1000 1000\" xmlns=\"http:\/\/www.w3.org\/2000\/svg\"><path d=\"M104 333H896C929 333 958 304 958 271S929 208 896 208H104C71 208 42 237 42 271S71 333 104 333ZM104 583H896C929 583 958 554 958 521S929 458 896 458H104C71 458 42 487 42 521S71 583 104 583ZM104 833H896C929 833 958 804 958 771S929 708 896 708H104C71 708 42 737 42 771S71 833 104 833Z\"><\/path><\/svg><svg aria-hidden=\"true\" role=\"presentation\" class=\"elementor-menu-toggle__icon--close elementor-animation-pulse-shrink e-font-icon-svg e-eicon-close\" viewBox=\"0 0 1000 1000\" xmlns=\"http:\/\/www.w3.org\/2000\/svg\"><path d=\"M742 167L500 408 258 167C246 154 233 150 217 150 196 150 179 158 167 167 154 179 150 196 150 212 150 229 154 242 171 254L408 500 167 742C138 771 138 800 167 829 196 858 225 858 254 829L496 587 738 829C750 842 767 846 783 846 800 846 817 842 829 829 842 817 846 804 846 783 846 767 842 750 829 737L588 500 833 258C863 229 863 200 833 171 804 137 775 137 742 167Z\"><\/path><\/svg>\t\t<\/div>\n\t\t\t\t\t<nav class=\"elementor-nav-menu--dropdown elementor-nav-menu__container\" aria-hidden=\"true\">\n\t\t\t\t<ul id=\"menu-2-9632fb3\" class=\"elementor-nav-menu\"><li class=\"menu-item menu-item-type-post_type menu-item-object-page menu-item-home menu-item-3632\"><a href=\"https:\/\/aarslevservice.dk\/\" class=\"elementor-item\" tabindex=\"-1\">Hjem<\/a><\/li>\n<li class=\"menu-item menu-item-type-post_type menu-item-object-page menu-item-3633\"><a href=\"https:\/\/aarslevservice.dk\/?page_id=70\" class=\"elementor-item\" tabindex=\"-1\">Produkter<\/a><\/li>\n<li class=\"menu-item menu-item-type-post_type menu-item-object-page menu-item-3649\"><a href=\"https:\/\/aarslevservice.dk\/?page_id=10\" class=\"elementor-item\" tabindex=\"-1\">Kurv<\/a><\/li>\n<li class=\"menu-item menu-item-type-post_type menu-item-object-page menu-item-3635\"><a href=\"https:\/\/aarslevservice.dk\/?page_id=3625\" class=\"elementor-item\" tabindex=\"-1\">Tilbud<\/a><\/li>\n<li class=\"menu-item menu-item-type-post_type menu-item-object-page menu-item-3636\"><a href=\"https:\/\/aarslevservice.dk\/?page_id=74\" class=\"elementor-item\" tabindex=\"-1\">Kontakt<\/a><\/li>\n<\/ul>\t\t\t<\/nav>\n\t\t\t\t\t\t<\/div>\n\t\t\t\t<\/div>\n\t\t\t\t<\/div>\n\t\t\t\t\t<\/div>\n\t\t\t\t<\/div>\n\t\t<div class=\"elementor-element elementor-element-b974e53 e-flex e-con-boxed e-con e-parent\" data-id=\"b974e53\" data-element_type=\"container\">\n\t\t\t\t\t<div class=\"e-con-inner\">\n\t\t\t\t<div class=\"elementor-element elementor-element-5e8f16f elementor-widget elementor-widget-spacer\" data-id=\"5e8f16f\" data-element_type=\"widget\" data-widget_type=\"spacer.default\">\n\t\t\t\t<div class=\"elementor-widget-container\">\n\t\t\t\t\t\t\t<div class=\"elementor-spacer\">\n\t\t\t<div class=\"elementor-spacer-inner\"><\/div>\n\t\t<\/div>\n\t\t\t\t\t\t<\/div>\n\t\t\t\t<\/div>\n\t\t\t\t<div class=\"elementor-element elementor-element-3ef2c01 elementor-widget elementor-widget-html\" data-id=\"3ef2c01\" data-element_type=\"widget\" data-widget_type=\"html.default\">\n\t\t\t\t<div class=\"elementor-widget-container\">\n\t\t\t\t\t<!-- AarslevService - Kontaktformular -->\r\n<section class=\"as-contact-section\" aria-labelledby=\"as-contact-title\">\r\n  <div class=\"as-contact-inner\">\r\n    <div class=\"as-contact-left\">\r\n      <h2 id=\"as-contact-title\">Kontakt os<\/h2>\r\n      <ul class=\"as-info\">\r\n        <li><strong>Telefon:<\/strong> 50 24 24 35<\/li>\r\n        <li><strong>Email:<\/strong> <a href=\"mailto:info@aarslevservice.dk\">info@aarslevservice.dk<\/a><\/li>\r\n        <li><strong>Adresse:<\/strong> R\u00f8nneb\u00e6rvej 116, \u00c5rslev<\/li>\r\n      <\/ul>\r\n    <\/div>\r\n    <div class=\"as-contact-right\">\r\n      \n<div class=\"wpcf7 no-js\" id=\"wpcf7-f2005-o1\" lang=\"da-DK\" dir=\"ltr\" data-wpcf7-id=\"2005\">\n<div class=\"screen-reader-response\"><p role=\"status\" aria-live=\"polite\" aria-atomic=\"true\"><\/p> <ul><\/ul><\/div>\n<form action=\"\/index.php?rest_route=%2Fwp%2Fv2%2Fpages%2F74#wpcf7-f2005-o1\" method=\"post\" class=\"wpcf7-form init\" aria-label=\"Kontaktformular\" novalidate=\"novalidate\" data-status=\"init\">\n<fieldset class=\"hidden-fields-container\"><input type=\"hidden\" name=\"_wpcf7\" value=\"2005\" \/><input type=\"hidden\" name=\"_wpcf7_version\" value=\"6.1.4\" \/><input type=\"hidden\" name=\"_wpcf7_locale\" value=\"da_DK\" \/><input type=\"hidden\" name=\"_wpcf7_unit_tag\" value=\"wpcf7-f2005-o1\" \/><input type=\"hidden\" name=\"_wpcf7_container_post\" value=\"0\" \/><input type=\"hidden\" name=\"_wpcf7_posted_data_hash\" value=\"\" \/>\n<\/fieldset>\n<p><label for=\"name\">Navn:<\/label><br \/>\n<span class=\"wpcf7-form-control-wrap\" data-name=\"name\"><input size=\"40\" maxlength=\"400\" class=\"wpcf7-form-control wpcf7-text wpcf7-validates-as-required\" id=\"name\" aria-required=\"true\" aria-invalid=\"false\" placeholder=\"Indtast dit navn\" value=\"\" type=\"text\" name=\"name\" \/><\/span>\n<\/p>\n<p><label for=\"email\">Email:<\/label><br \/>\n<span class=\"wpcf7-form-control-wrap\" data-name=\"email\"><input size=\"40\" maxlength=\"400\" class=\"wpcf7-form-control wpcf7-email wpcf7-validates-as-required wpcf7-text wpcf7-validates-as-email\" id=\"email\" aria-required=\"true\" aria-invalid=\"false\" placeholder=\"Indtast din email\" value=\"\" type=\"email\" name=\"email\" \/><\/span>\n<\/p>\n<p><label for=\"phone\">Telefonnummer:<\/label><br \/>\n<span class=\"wpcf7-form-control-wrap\" data-name=\"phone\"><input size=\"40\" maxlength=\"400\" class=\"wpcf7-form-control wpcf7-tel wpcf7-validates-as-required wpcf7-text wpcf7-validates-as-tel\" id=\"phone\" aria-required=\"true\" aria-invalid=\"false\" placeholder=\"Indtast dit telefonnummer\" value=\"\" type=\"tel\" name=\"phone\" \/><\/span>\n<\/p>\n<p><label for=\"subject\">Emne:<\/label><br \/>\n<span class=\"wpcf7-form-control-wrap\" data-name=\"subject\"><select class=\"wpcf7-form-control wpcf7-select wpcf7-validates-as-required\" aria-required=\"true\" aria-invalid=\"false\" name=\"subject\"><option value=\"Support\">Support<\/option><option value=\"Salgsforesp\u00f8rgsel\">Salgsforesp\u00f8rgsel<\/option><option value=\"Andet\">Andet<\/option><option value=\"Foresp\u00f8rgsel om tilbud\">Foresp\u00f8rgsel om tilbud<\/option><\/select><\/span>\n<\/p>\n<p><label for=\"message\">Besked:<\/label><br \/>\n<span class=\"wpcf7-form-control-wrap\" data-name=\"message\"><textarea cols=\"40\" rows=\"10\" maxlength=\"2000\" class=\"wpcf7-form-control wpcf7-textarea wpcf7-validates-as-required\" id=\"message\" aria-required=\"true\" aria-invalid=\"false\" placeholder=\"Skriv din besked her...\" name=\"message\"><\/textarea><\/span>\n<\/p>\n<p><input class=\"wpcf7-form-control wpcf7-submit has-spinner\" type=\"submit\" value=\"Send\" \/>\n<\/p><p style=\"display: none !important;\" class=\"akismet-fields-container\" data-prefix=\"_wpcf7_ak_\"><label>&#916;<textarea name=\"_wpcf7_ak_hp_textarea\" cols=\"45\" rows=\"8\" maxlength=\"100\"><\/textarea><\/label><input type=\"hidden\" id=\"ak_js_1\" name=\"_wpcf7_ak_js\" value=\"6\"\/><script>document.getElementById( \"ak_js_1\" ).setAttribute( \"value\", ( new Date() ).getTime() );<\/script><\/p><div class=\"wpcf7-response-output\" aria-hidden=\"true\"><\/div>\n<\/form>\n<\/div>\n\r\n    <\/div>\r\n  <\/div>\r\n<\/section>\r\n\r\n<style>\r\n:root {\r\n  --as-bg: #0f1724;\r\n  --as-card: linear-gradient(180deg, rgba(255,255,255,0.02), rgba(255,255,255,0.01));\r\n  --as-accent: #f4c430;\r\n  --as-primary: #0b4db6;\r\n  --as-muted: #bfc8d8;\r\n  --as-radius: 14px;\r\n  --as-gap: 20px;\r\n}\r\n\r\n.as-contact-section {\r\n  padding: 56px 16px;\r\n  background: radial-gradient(1200px 400px at 10% 10%, rgba(11,77,182,0.06), transparent), #fbfdff;\r\n}\r\n\r\n.as-contact-inner {\r\n  max-width: 1180px;\r\n  margin: 0 auto;\r\n  display: grid;\r\n  grid-template-columns: 1fr 500px; \/* H\u00f8jre kolonne bredere *\/\r\n  gap: 40px; \/* Afstand mellem tekst og formular *\/\r\n  align-items: start;\r\n}\r\n\r\n.as-contact-left h2 {\r\n  font-size: 32px;\r\n  margin: 0 0 8px;\r\n  letter-spacing: -0.4px;\r\n  color: var(--as-primary);\r\n  text-transform: none;\r\n}\r\n\r\n.as-info {\r\n  list-style: none;\r\n  padding: 0;\r\n  margin: 0 0 20px;\r\n  color: #222b39;\r\n  font-weight: 600;\r\n}\r\n\r\n.as-info li {\r\n  margin: 8px 0;\r\n}\r\n\r\n.as-info a {\r\n  color: var(--as-primary);\r\n  text-decoration: none;\r\n  border-bottom: 1px dashed rgba(11,77,182,0.12);\r\n}\r\n\r\n.as-contact-right {\r\n  background: var(--as-card);\r\n  border-radius: var(--as-radius);\r\n  padding: 32px; \/* Mere plads indeni *\/\r\n  box-shadow: 0 25px 60px rgba(2,6,23,0.08);\r\n  border: 1px solid rgba(2,6,23,0.04);\r\n  backdrop-filter: blur(6px);\r\n}\r\n\r\n.as-contact-right .wpcf7-form {\r\n  display: grid;\r\n  gap: var(--as-gap);\r\n}\r\n\r\n.as-contact-right .wpcf7-form input[type=\"text\"],\r\n.as-contact-right .wpcf7-form input[type=\"email\"],\r\n.as-contact-right .wpcf7-form input[type=\"tel\"],\r\n.as-contact-right .wpcf7-form textarea,\r\n.as-contact-right .wpcf7-form select {\r\n  width: 100%;\r\n  padding: 18px 20px;\r\n  border: 1px solid rgba(20,33,61,0.08);\r\n  border-radius: 12px;\r\n  font-size: 16px;\r\n  line-height: 1.4;\r\n  box-sizing: border-box;\r\n  background: linear-gradient(180deg,#ffffff,#fbfdff);\r\n  transition: transform .14s ease, box-shadow .14s ease, border-color .12s ease;\r\n}\r\n\r\n.as-contact-right .wpcf7-form textarea {\r\n  min-height: 200px;\r\n  resize: vertical;\r\n}\r\n\r\n.as-contact-right .wpcf7-form input:focus,\r\n.as-contact-right .wpcf7-form textarea:focus,\r\n.as-contact-right .wpcf7-form select:focus {\r\n  outline: none;\r\n  transform: translateY(-2px);\r\n  box-shadow: 0 14px 30px rgba(11,77,182,0.06);\r\n  border-color: var(--as-primary);\r\n}\r\n\r\n.as-contact-right .wpcf7-form input::placeholder,\r\n.as-contact-right .wpcf7-form textarea::placeholder {\r\n  color: rgba(40,50,70,0.35);\r\n}\r\n\r\n.as-contact-right .wpcf7-submit {\r\n  display: inline-block;\r\n  padding: 14px 24px;\r\n  border-radius: 14px;\r\n  cursor: pointer;\r\n  border: 0;\r\n  font-weight: 700;\r\n  text-transform: uppercase;\r\n  letter-spacing: .6px;\r\n  box-shadow: 0 12px 35px rgba(11,77,182,0.12);\r\n  transition: transform .12s cubic-bezier(.2,.9,.2,1), box-shadow .12s ease;\r\n  background: linear-gradient(90deg, var(--as-primary), #1a3fb0 60%);\r\n  color: white;\r\n  font-size: 15px;\r\n}\r\n\r\n.as-contact-right .wpcf7-submit:hover {\r\n  transform: translateY(-4px) scale(1.01);\r\n  box-shadow: 0 22px 45px rgba(11,77,182,0.18);\r\n}\r\n\r\n.as-contact-right .wpcf7-response-output {\r\n  margin-top: 10px;\r\n  padding: 12px 14px;\r\n  border-radius: 10px;\r\n  font-weight:600;\r\n}\r\n\r\n.as-contact-right .wpcf7-mail-sent-ok {\r\n  background: linear-gradient(180deg,#f7fff7,#eefbf0);\r\n  border: 1px solid #c9f1d0;\r\n  color: #064b2a;\r\n}\r\n\r\n.as-contact-right .wpcf7-validation-errors {\r\n  background: linear-gradient(180deg,#fff7f7,#fff1f1);\r\n  border: 1px solid #ffd6d6;\r\n  color: #7a1717;\r\n}\r\n\r\n@media (max-width: 1024px) {\r\n  .as-contact-inner {\r\n    grid-template-columns: 1fr;\r\n  }\r\n  .as-contact-left {\r\n    order: -1; \/* Tekst f\u00f8rst *\/\r\n  }\r\n  .as-contact-right {\r\n    order: 0;\r\n    padding: 24px;\r\n  }\r\n}\r\n\r\n.as-contact-right .wpcf7-form input,\r\n.as-contact-right .wpcf7-form textarea {\r\n  transition: box-shadow .18s ease, transform .18s ease;\r\n}\r\n\r\n.as-contact-section, .as-contact-section * {\r\n  font-family: inherit;\r\n  color: inherit;\r\n}\r\n\r\n.as-contact-right .wpcf7 form {\r\n  width: 100%;\r\n}\r\n<\/style>\t\t\t\t<\/div>\n\t\t\t\t<\/div>\n\t\t\t\t\t<\/div>\n\t\t\t\t<\/div>\n\t\t\t\t<\/div>\n\t\t","protected":false},"excerpt":{"rendered":"<p>Kontakt os Telefon: 50 24 24 35 Email: info@aarslevservice.dk Adresse: R\u00f8nneb\u00e6rvej 116, \u00c5rslev<\/p>\n","protected":false},"author":1,"featured_media":0,"parent":0,"menu_order":0,"comment_status":"closed","ping_status":"closed","template":"elementor_canvas","meta":{"footnotes":""},"class_list":["post-74","page","type-page","status-publish","hentry"],"yoast_head":"<!-- This site is optimized with the Yoast SEO plugin v25.4 - https:\/\/yoast.com\/wordpress\/plugins\/seo\/ -->\n<title>Kontakt - Aarslevservice.dk<\/title>\n<meta name=\"robots\" content=\"index, follow, max-snippet:-1, max-image-preview:large, max-video-preview:-1\" \/>\n<link rel=\"canonical\" href=\"https:\/\/aarslevservice.dk\/?page_id=74\" \/>\n<meta property=\"og:locale\" content=\"da_DK\" \/>\n<meta property=\"og:type\" content=\"article\" \/>\n<meta property=\"og:title\" content=\"Kontakt - Aarslevservice.dk\" \/>\n<meta property=\"og:description\" content=\"Kontakt os Telefon: 50 24 24 35 Email: info@aarslevservice.dk Adresse: R\u00f8nneb\u00e6rvej 116, \u00c5rslev\" \/>\n<meta property=\"og:url\" content=\"https:\/\/aarslevservice.dk\/?page_id=74\" \/>\n<meta property=\"og:site_name\" content=\"Aarslevservice.dk\" \/>\n<meta property=\"article:publisher\" content=\"https:\/\/www.facebook.com\/profile.php?id=61563999506010&amp;locale=da_DK\" \/>\n<meta property=\"article:modified_time\" content=\"2026-03-10T19:57:38+00:00\" \/>\n<meta property=\"og:image\" content=\"http:\/\/aarslevservice.dk\/wp-content\/uploads\/2024\/12\/Skaermbillede-2024-12-13-kl.-17.40.11-1024x221.png\" \/>\n<meta name=\"twitter:card\" content=\"summary_large_image\" \/>\n<meta name=\"twitter:label1\" content=\"Estimeret l\u00e6setid\" \/>\n\t<meta name=\"twitter:data1\" content=\"1 minut\" \/>\n<script type=\"application\/ld+json\" class=\"yoast-schema-graph\">{\"@context\":\"https:\/\/schema.org\",\"@graph\":[{\"@type\":\"WebPage\",\"@id\":\"https:\/\/aarslevservice.dk\/?page_id=74\",\"url\":\"https:\/\/aarslevservice.dk\/?page_id=74\",\"name\":\"Kontakt - Aarslevservice.dk\",\"isPartOf\":{\"@id\":\"https:\/\/aarslevservice.dk\/#website\"},\"primaryImageOfPage\":{\"@id\":\"https:\/\/aarslevservice.dk\/?page_id=74#primaryimage\"},\"image\":{\"@id\":\"https:\/\/aarslevservice.dk\/?page_id=74#primaryimage\"},\"thumbnailUrl\":\"http:\/\/aarslevservice.dk\/wp-content\/uploads\/2024\/12\/Skaermbillede-2024-12-13-kl.-17.40.11-1024x221.png\",\"datePublished\":\"2024-10-19T13:44:03+00:00\",\"dateModified\":\"2026-03-10T19:57:38+00:00\",\"breadcrumb\":{\"@id\":\"https:\/\/aarslevservice.dk\/?page_id=74#breadcrumb\"},\"inLanguage\":\"da-DK\",\"potentialAction\":[{\"@type\":\"ReadAction\",\"target\":[\"https:\/\/aarslevservice.dk\/?page_id=74\"]}]},{\"@type\":\"ImageObject\",\"inLanguage\":\"da-DK\",\"@id\":\"https:\/\/aarslevservice.dk\/?page_id=74#primaryimage\",\"url\":\"http:\/\/aarslevservice.dk\/wp-content\/uploads\/2024\/12\/Skaermbillede-2024-12-13-kl.-17.40.11-1024x221.png\",\"contentUrl\":\"http:\/\/aarslevservice.dk\/wp-content\/uploads\/2024\/12\/Skaermbillede-2024-12-13-kl.-17.40.11-1024x221.png\"},{\"@type\":\"BreadcrumbList\",\"@id\":\"https:\/\/aarslevservice.dk\/?page_id=74#breadcrumb\",\"itemListElement\":[{\"@type\":\"ListItem\",\"position\":1,\"name\":\"Hjem\",\"item\":\"http:\/\/aarslevservice.dk\/\"},{\"@type\":\"ListItem\",\"position\":2,\"name\":\"Kontakt\"}]},{\"@type\":\"WebSite\",\"@id\":\"https:\/\/aarslevservice.dk\/#website\",\"url\":\"https:\/\/aarslevservice.dk\/\",\"name\":\"Aarslevservice.dk\",\"description\":\"Fuldend festen med vores udstyr !\",\"publisher\":{\"@id\":\"https:\/\/aarslevservice.dk\/#organization\"},\"potentialAction\":[{\"@type\":\"SearchAction\",\"target\":{\"@type\":\"EntryPoint\",\"urlTemplate\":\"https:\/\/aarslevservice.dk\/?s={search_term_string}\"},\"query-input\":{\"@type\":\"PropertyValueSpecification\",\"valueRequired\":true,\"valueName\":\"search_term_string\"}}],\"inLanguage\":\"da-DK\"},{\"@type\":\"Organization\",\"@id\":\"https:\/\/aarslevservice.dk\/#organization\",\"name\":\"Aarslevservice.dk\",\"url\":\"https:\/\/aarslevservice.dk\/\",\"logo\":{\"@type\":\"ImageObject\",\"inLanguage\":\"da-DK\",\"@id\":\"https:\/\/aarslevservice.dk\/#\/schema\/logo\/image\/\",\"url\":\"https:\/\/aarslevservice.dk\/wp-content\/uploads\/2024\/10\/image__1_-removebg-preview.png\",\"contentUrl\":\"https:\/\/aarslevservice.dk\/wp-content\/uploads\/2024\/10\/image__1_-removebg-preview.png\",\"width\":195,\"height\":239,\"caption\":\"Aarslevservice.dk\"},\"image\":{\"@id\":\"https:\/\/aarslevservice.dk\/#\/schema\/logo\/image\/\"},\"sameAs\":[\"https:\/\/www.facebook.com\/profile.php?id=61563999506010&locale=da_DK\"]}]}<\/script>\n<!-- \/ Yoast SEO plugin. -->","yoast_head_json":{"title":"Kontakt - Aarslevservice.dk","robots":{"index":"index","follow":"follow","max-snippet":"max-snippet:-1","max-image-preview":"max-image-preview:large","max-video-preview":"max-video-preview:-1"},"canonical":"https:\/\/aarslevservice.dk\/?page_id=74","og_locale":"da_DK","og_type":"article","og_title":"Kontakt - Aarslevservice.dk","og_description":"Kontakt os Telefon: 50 24 24 35 Email: info@aarslevservice.dk Adresse: R\u00f8nneb\u00e6rvej 116, \u00c5rslev","og_url":"https:\/\/aarslevservice.dk\/?page_id=74","og_site_name":"Aarslevservice.dk","article_publisher":"https:\/\/www.facebook.com\/profile.php?id=61563999506010&locale=da_DK","article_modified_time":"2026-03-10T19:57:38+00:00","og_image":[{"url":"http:\/\/aarslevservice.dk\/wp-content\/uploads\/2024\/12\/Skaermbillede-2024-12-13-kl.-17.40.11-1024x221.png","type":"","width":"","height":""}],"twitter_card":"summary_large_image","twitter_misc":{"Estimeret l\u00e6setid":"1 minut"},"schema":{"@context":"https:\/\/schema.org","@graph":[{"@type":"WebPage","@id":"https:\/\/aarslevservice.dk\/?page_id=74","url":"https:\/\/aarslevservice.dk\/?page_id=74","name":"Kontakt - Aarslevservice.dk","isPartOf":{"@id":"https:\/\/aarslevservice.dk\/#website"},"primaryImageOfPage":{"@id":"https:\/\/aarslevservice.dk\/?page_id=74#primaryimage"},"image":{"@id":"https:\/\/aarslevservice.dk\/?page_id=74#primaryimage"},"thumbnailUrl":"http:\/\/aarslevservice.dk\/wp-content\/uploads\/2024\/12\/Skaermbillede-2024-12-13-kl.-17.40.11-1024x221.png","datePublished":"2024-10-19T13:44:03+00:00","dateModified":"2026-03-10T19:57:38+00:00","breadcrumb":{"@id":"https:\/\/aarslevservice.dk\/?page_id=74#breadcrumb"},"inLanguage":"da-DK","potentialAction":[{"@type":"ReadAction","target":["https:\/\/aarslevservice.dk\/?page_id=74"]}]},{"@type":"ImageObject","inLanguage":"da-DK","@id":"https:\/\/aarslevservice.dk\/?page_id=74#primaryimage","url":"http:\/\/aarslevservice.dk\/wp-content\/uploads\/2024\/12\/Skaermbillede-2024-12-13-kl.-17.40.11-1024x221.png","contentUrl":"http:\/\/aarslevservice.dk\/wp-content\/uploads\/2024\/12\/Skaermbillede-2024-12-13-kl.-17.40.11-1024x221.png"},{"@type":"BreadcrumbList","@id":"https:\/\/aarslevservice.dk\/?page_id=74#breadcrumb","itemListElement":[{"@type":"ListItem","position":1,"name":"Hjem","item":"http:\/\/aarslevservice.dk\/"},{"@type":"ListItem","position":2,"name":"Kontakt"}]},{"@type":"WebSite","@id":"https:\/\/aarslevservice.dk\/#website","url":"https:\/\/aarslevservice.dk\/","name":"Aarslevservice.dk","description":"Fuldend festen med vores udstyr !","publisher":{"@id":"https:\/\/aarslevservice.dk\/#organization"},"potentialAction":[{"@type":"SearchAction","target":{"@type":"EntryPoint","urlTemplate":"https:\/\/aarslevservice.dk\/?s={search_term_string}"},"query-input":{"@type":"PropertyValueSpecification","valueRequired":true,"valueName":"search_term_string"}}],"inLanguage":"da-DK"},{"@type":"Organization","@id":"https:\/\/aarslevservice.dk\/#organization","name":"Aarslevservice.dk","url":"https:\/\/aarslevservice.dk\/","logo":{"@type":"ImageObject","inLanguage":"da-DK","@id":"https:\/\/aarslevservice.dk\/#\/schema\/logo\/image\/","url":"https:\/\/aarslevservice.dk\/wp-content\/uploads\/2024\/10\/image__1_-removebg-preview.png","contentUrl":"https:\/\/aarslevservice.dk\/wp-content\/uploads\/2024\/10\/image__1_-removebg-preview.png","width":195,"height":239,"caption":"Aarslevservice.dk"},"image":{"@id":"https:\/\/aarslevservice.dk\/#\/schema\/logo\/image\/"},"sameAs":["https:\/\/www.facebook.com\/profile.php?id=61563999506010&locale=da_DK"]}]}},"_links":{"self":[{"href":"https:\/\/aarslevservice.dk\/index.php?rest_route=\/wp\/v2\/pages\/74","targetHints":{"allow":["GET"]}}],"collection":[{"href":"https:\/\/aarslevservice.dk\/index.php?rest_route=\/wp\/v2\/pages"}],"about":[{"href":"https:\/\/aarslevservice.dk\/index.php?rest_route=\/wp\/v2\/types\/page"}],"author":[{"embeddable":true,"href":"https:\/\/aarslevservice.dk\/index.php?rest_route=\/wp\/v2\/users\/1"}],"replies":[{"embeddable":true,"href":"https:\/\/aarslevservice.dk\/index.php?rest_route=%2Fwp%2Fv2%2Fcomments&post=74"}],"version-history":[{"count":31,"href":"https:\/\/aarslevservice.dk\/index.php?rest_route=\/wp\/v2\/pages\/74\/revisions"}],"predecessor-version":[{"id":4394,"href":"https:\/\/aarslevservice.dk\/index.php?rest_route=\/wp\/v2\/pages\/74\/revisions\/4394"}],"wp:attachment":[{"href":"https:\/\/aarslevservice.dk\/index.php?rest_route=%2Fwp%2Fv2%2Fmedia&parent=74"}],"curies":[{"name":"wp","href":"https:\/\/api.w.org\/{rel}","templated":true}]}}